ose 17*j - 14*j - 114 = 0. List the prime factors of j.
2, 19
Let k(b) = b**2 - 6*b - 1. Let a be k(5). Let i be 10/6 - a/(-9). List the prime factors of (i/(-1))/(-1)*9.
3
Suppose 0 = -4*v - 2*n + 10, -n - 3*n + 20 = 0. Suppose -d + 0*p - 2*p + 13 = v, 5*d - 85 = -5*p. Suppose 2*m - d = 1. List the prime factors of m.
11
Let b(a) = -a**3 - 8*a**2 + 8*a - 11. Let z be b(-9). Let n(r) = -4*r**3 - 2*r**2 + r. List the prime factors of n(z).
2, 11
Suppose -u - 2 + 12 = 0. List the prime factors of u.
2, 5
Let f(x) = x**3 + 3*x**2 + 4*x + 2. Let b be f(-2). Let g be (-2)/(b/9*3). Suppose 2*w + 2*u - 2 = 0, -g*u - 33 = -w - 2*w. What are the prime factors of w?
2, 3
Suppose -39 = -4*m + 33. Suppose b - m = -0*b. What are the prime factors of b?
2, 3
Suppose 4*u + 4 + 8 = -2*v, -v = -u - 6. Suppose v*j = 3*j - 4. List the prime factors of j.
2
Let u = 175 - 119. List the prime factors of u.
2, 7
Suppose 0 = 6*x + x - 175. List the prime factors of x.
5
Suppose -3*r = -67 + 7. Suppose 3*f + 2*f - r = 0. List the prime factors of f.
2
Let w = 2 + 5. List the prime factors of w.
7
Suppose 2*d - 5 - 1 = 0. What are the prime factors of d?
3
List the prime factors of (-3 + 1)*(-111)/6.
37
Let l(v) = 2 - 5*v - 2 - v**2. Let y be l(-4). What are the prime factors of 26/6 + y/(-12)?
2
Let g(s) = s**3 + 2*s**2 - 4*s. Let m be g(-3). Suppose 2*w - 10 = m*w. Let l = -4 - w. What are the prime factors of l?
2, 3
Let w = 87 - 46. What are the prime factors of w?
41
Let o(g) be the third derivative of g**5/20 + g**4/8 - g**3/6 - 4*g**2. What are the prime factors of o(2)?
17
Let f = 6 + 0. Let q = f - -6. Suppose g - 3*g = -q. List the prime factors of g.
2, 3
Let q(x) = 36*x**3. What are the prime factors of q(1)?
2, 3
Let g = 747 - 457. What are the prime factors of g?
2, 5, 29
Let t = -3 + -7. Suppose 7*l + 32 = 3*l. List the prime factors of 4/(l/t)*1.
5
List the prime factors of (3/((-12)/58))/((-12)/72).
3, 29
Let p(c) = 2*c**2 - c + 3. What are the prime factors of p(4)?
31
Suppose -x = -3*f - 26, 0 = -5*x - f - 0*f + 82. Let b = x + -9. What are the prime factors of b?
2
Let v = 4 + -2. What are the prime factors of -18*((-7)/v)/7?
3
List the prime factors of 1 - 8/(6/(-3)).
5
Let l(x) = x**3 - 11*x**2 + 12*x - 2. Let q be l(10). What are the prime factors of 364/q + 8/(-36)?
2, 5
Suppose -4*b + 30 = -5*w, -3*w - 10 = b - 26. What are the prime factors of (-259)/(-5) + 2/b?
2, 13
Suppose -4 = -2*b, -5*f + 0*f + 100 = -5*b. Suppose -60 + f = -2*j. List the prime factors of j.
19
Suppose -k + 5*k - 224 = 0. Suppose -c = 3*c - k. List the prime factors of c.
2, 7
Let r(i) = i**3 + i**2 + i - 7. Let u be r(0). Let q = u - 5. Let z = q + 27. What are the prime factors of z?
3, 5
Let b = 26 + -36. Let s = -4 - b. What are the prime factors of s?
2, 3
Let n = 883 + -508. What are the prime factors of n?
3, 5
Suppose 3*y - 119 - 136 = 0. Let o = -59 + y. List the prime factors of o.
2, 13
Let d = 27 + -14. Let c = d - 11. List the prime factors of c.
2
Let y = -11 - 1. Let b = 1 - y. What are the prime factors of b?
13
Suppose 0 = 5*m, 0 = -5*g + 4*m - 3 + 28. Suppose 0 = -3*v + g*v + 2*w - 58, -5*v + 137 = 3*w. List the prime factors of v.
5
Let f = 95 + -90. List the prime factors of f.
5
Suppose -a - 131 - 77 = -4*q, 3*a = -4*q + 208. What are the prime factors of q?
2, 13
Let z(f) = -f**2 + 5*f + 2*f + f - 4. List the prime factors of z(3).
11
Let g be ((-8)/12)/((-4)/(-6)). Let q(i) = -50*i - 2. List the prime factors of q(g).
2, 3
Let d(w) = -16*w**3 + 2*w**2 + w - 1. What are the prime factors of d(-1)?
2
Let y = -583 - -862. List the prime factors of y.
3, 31
Suppose 2*t + j = -15, 5*j = t + 4*t. Let b = 0 - t. Suppose -q = -3*r + 15, -b*r + 28 = -r - 4*q. What are the prime factors of r?
2
Let i be 8/2 + -6 + -1. Suppose 4*d - 23 = 1. Let u = d + i. List the prime factors of u.
3
Suppose 0 = 4*i + 4*l - 16, -l - 9 = -2*i + 2. List the prime factors of i.
5
Let h = 11 - 8. What are the prime factors of h*5 + -3 + 1?
13
Let f(o) = -o**2 + 2*o - 3. Let y be f(5). Let r = 36 + y. Suppose 30 = 4*m + 4*g - r, 20 = -4*g. What are the prime factors of m?
17
List the prime factors of (-3)/9 + 832/12.
3, 23
What are the prime factors of 1*65 - 10/5?
3, 7
Suppose -b = 3*b - 16. List the prime factors of b.
2
Suppose -3*q + 8 = -q. Suppose 0 = -q*x - x + 105. List the prime factors of x.
3, 7
List the prime factors of -107*(6/(-3) - -1).
107
List the prime factors of -4 + 2 + 341 + 5.
2, 43
Suppose 0 = -5*i - 33 + 458. Suppose 2*s = 7*s - i. What are the prime factors of s?
17
Let v = -7 - 10. Suppose -b + 7 = -18. Let p = v + b. What are the prime factors of p?
2
Let n(w) = -2*w - 7. Let x be n(10). Let h = 54 + x. List the prime factors of h.
3
Suppose -3*g = -15 - 81. Suppose 2*h + 6 = g. What are the prime factors of h?
13
Suppose 3*g - 349 = 3*n - n, -5*g + 579 = -2*n. What are the prime factors of g?
5, 23
Suppose 3*v = 4*v - 4. Suppose l - 3 = -p, -2*p + v*p + 4*l = 4. List the prime factors of p.
2
Suppose 4*z = 5 + 3. Suppose -2*l + 7 + 3 = 0, z*n + 5*l = 29. Suppose -t + 6 = -n*k, -2*t + 18 = -0*t - 2*k. What are the prime factors of t?
2, 3
Let x = -15 - -33. Suppose 1 = -a + x. Suppose -5*n + a = 2. List the prime factors of n.
3
Let y be (5 + -4)*(0 - 2). What are the prime factors of (-1)/y + 11/2?
2, 3
Let o be (-4)/(-10) + (-48)/(-5). Let i be (1 + 2 - 3) + o. Suppose i = 2*j - 2. List the prime factors of j.
2, 3
Suppose 3*c = j + 161, -c = -j - 64 + 11. List the prime factors of (c/45)/((-1)/(-15)).
2, 3
Let i be (-10)/2*(-26)/5. Suppose -i = -5*q + 19. List the prime factors of q.
3
Suppose 0 = 3*a + a - 64. Suppose -3*s - a = 4*f - 2*f, 0 = 5*f - 5*s + 65. Let d = -3 - f. What are the prime factors of d?
2
Let t(l) = -2*l + 12. Let d be t(6). Suppose 12 = -d*a + a. What are the prime factors of a?
2, 3
Suppose -6 = -r + 18. Suppose b + x + 4*x = -11, -b - 8 = 4*x. Suppose b*w - r + 0 = 0. List the prime factors of w.
2, 3
Suppose -40 = -2*g - 3*w, 3*g - 5*w + 1 - 61 = 0. Suppose 2*q = 12 + g. Suppose -5*l = 5*h - 0*h - 115, -4*l + q = 0. List the prime factors of h.
19
Suppose -5*v - 3 = -4*v. List the prime factors of v*(1 + 34/(-6)).
2, 7
Let k(s) = -2*s - 5. Let x be k(-4). Suppose 0 = 2*j + x*j - 30. What are the prime factors of j?
2, 3
Let w(s) = -s**2 + s - 8. Let q(j) = 2*j**2 - 3*j + 15. Let h(d) = -6*q(d) - 11*w(d). Let p be h(3). What are the prime factors of (8/p)/((-6)/(-45))?
2, 3
Suppose 36 = 5*m - 2*c + 10, 5*c + 15 = 0. Suppose 2*x - 42 = -m. What are the prime factors of x?
19
Suppose 0 = -m - 2*m - 36. List the prime factors of m*(-2 + (-9)/(-6)).
2, 3
Suppose 0 = d - 2*j + 8, 3*d - j - 3*j = -16. Let i(m) = 3 - 4 - m + 3 + d. List the prime factors of i(-4).
2, 3
Suppose 3*t + 64 = 172. Suppose j = -13 + t. Let l = j + -15. What are the prime factors of l?
2
Suppose -3*u - 14 = -5*p + 41, 0 = -u. Let o = p + -7. What are the prime factors of o?
2
Let f be (-8)/(-20) - (-4)/(-10). Suppose f*n + 17 = -3*y + 5*n, 0 = -2*y + 2*n - 6. What are the prime factors of (y - 0)/(5/25)?
5
Let l = 1 - 1. Let z = 4 - l. Suppose -z*d - 3 = -f + 5, 0 = 2*d + 2. List the prime factors of f.
2
Suppose 2*n - 3*n = -2*o - 7, -4*o = 3*n + 39. Let w be ((-10)/(-15))/(2/o). Let t = 6 + w. What are the prime factors of t?
2
Let j(a) = 11*a**2 - 2*a - 8. What are the prime factors of j(4)?
2, 5
Let a be ((-100)/(-15))/((-4)/(-6)). Let c(f) = -f**2 + 12*f + 6. List the prime factors of c(a).
2, 13
Suppose -110 = 4*y + y. Let o = 32 + y. Suppose 0*q + 5*q - o = -2*r, 0 = -4*r + q + 42. List the prime factors of r.
2, 5
Suppose -21*b + 16*b + 585 = 0. List the prime factors of b.
3, 13
Let i = 2 + -3. Suppose 0 = -4*z - 2*m + 180, 0*z - 2*m - 225 = -5*z. List the prime factors of 1/(i - (-48)/z).
3, 5
Let p = 146 - 100. List the prime factors of p.
2, 23
Suppose -5*w - 15 = 30. Let b = w - -15. Suppose -4*f + 47 = -3*n, 5*f - 3*n - 49 = b. List the prime factors of f.
2
Let n(f) = -f**3 + f**2 + 2*f - 1. What are the prime factors of n(-2)?
7
Let r be ((-2)/4)/(6/(-60)). Suppose 0 = -3*g - r*m + 30, g - 2 = m - 0. What are the prime factors of g?
5
Let r(d) = 7*d**2 - 3*d - 1. Let o be r(4). Suppose 4*y + o = v, -2*y + 7*y + 4*v = -108. Let g = -15 